 275 + 329 = 3*q - y. What is the remainder when q is divided by 47?
14
Suppose -2*b + 5*j - 5 = 0, -5*b = -10*b + 2*j - 2. Suppose b = 2*l + l + 18. Let x = 2 - l. Calculate the remainder when 31 is divided by x.
7
Let t = -8 - -12. Suppose t*i - 2*i = 10. Suppose -4*p + 7 = 5*l, 0 = 4*p + 2*l + l - 17. What is the remainder when p is divided by i?
3
Let o(f) = 3*f**2 - 2*f - 10. Calculate the remainder when o(4) is divided by 5.
0
Let z be -1 + 1 - (2 - 7). Let w = -2 - z. Let n = w - -20. What is the remainder when 23 is divided by n?
10
Let l(p) = -p**3 + 6*p**2 - 2*p + 1. Let s be -6*(-2 - 15/(-10)). What is the remainder when 85 is divided by l(s)?
19
Let c = -231 - -260. What is the remainder when 31 is divided by c?
2
Suppose 2*g + 2*f - 160 = -62, -7*g - 5*f = -339. What is the remainder when g is divided by 10?
7
Suppose 84 = 249*j - 237*j. Suppose -2*q = -0*q - 36. Calculate the remainder when q is divided by j.
4
Let i = 199 + -141. Calculate the remainder when i is divided by 9.
4
Let f = 12 + -8. Suppose -4*q + 0*q + 168 = 0. Suppose -2*h + f*h = q. What is the remainder when 61 is divided by h?
19
Let h(t) = -16*t + 762. Calculate the remainder when h(40) is divided by 26.
18
Suppose 0 = 39*h - 41*h - 26. Let v(z) = z**3 + 11*z**2 - 33*z - 31. What is the remainder when v(h) is divided by 13?
8
Let s(t) = t**2 - 8*t + 1. Let z be s(8). What is the remainder when 18 - (z - 2 - 1) is divided by 10/25 + 66/10?
6
Let n(h) = 2*h**3 + 12*h**2 + 15*h + 63. Calculate the remainder when n(-5) is divided by 20.
18
Let y = 802 - 3588. Let i = -1766 - y. What is the remainder when 79 is divided by i/50 + (-2)/5?
19
Let g be ((-15)/9 - -2)/(1/(-3)). What is the remainder when 11 is divided by g*1/(3/(-18))?
5
Suppose -5*i - 25 = 2*g - 6, -2*g - 3*i - 9 = 0. Suppose g*k + 2*k = 80. Calculate the remainder when 3/(-7) + (-3 - (-458)/7) is divided by k.
14
Let m be (2 - 0) + (0 - 2). Calculate the remainder when (-14)/(-35) - ((-108)/5 + m) is divided by 5.
2
Let a(g) = -5*g + 26. Let b be a(5). Let n(c) = 45*c - 2. What is the remainder when 128 is divided by n(b)?
42
Let y(g) = -1. Let p(j) be the third derivative of -11*j**4/12 - 2*j**3 - 2*j**2. Let u(n) = p(n) - 6*y(n). Calculate the remainder when u(-3) is divided by 21.
18
Suppose -5*j + 0*j + 8 = -x, 0 = -2*x + 2*j. Suppose -x*v + 66 = v. What is the remainder when v is divided by (6/(-10))/(13 - 1703/130)?
4
What is the remainder when 204 is divided by 4*((3 - -1) + -3) - -49?
45
Suppose 3*h = 4*n + 71, -5*n = 4*h - 30 - 44. Calculate the remainder when 33 is divided by h.
12
Suppose -5*y - 23 = -518. What is the remainder when y is divided by 15?
9
Let s = -30 + 7. Let f = s + 28. What is the remainder when 9 is divided by f?
4
Suppose -2*m = 2*q - 4*q - 692, 3*m = 5*q + 1048. What is the remainder when m is divided by 26?
3
Let c(i) = 4*i - 11. Let s be c(4). Suppose -4 = -s*t + 4*t. What is the remainder when 9 is divided by t?
1
Let k be 30/4*44/(-33). Let m = k + 10. Suppose j - 4*p - 17 = -m, -2*j + p = -6. Calculate the remainder when 3 is divided by j.
0
Let h be -5*2 + (-20 - -17). Let c = 82 + h. What is the remainder when c is divided by 18?
15
Let h(k) = 25*k**2 + k. Let r = 9 - 7. Suppose r*g + 2 = -0. Calculate the remainder when h(g) is divided by 5.
4
Let d(v) = 14*v**2 + 3*v - 1. Let s be ((-1)/4)/((-5)/(-20)). What is the remainder when d(2) is divided by 4/(-8)*-44 + s?
19
Suppose -5*n = -0*n - 40. Suppose n*q = 13*q - 195. Let t = -11 + 21. Calculate the remainder when q is divided by t.
9
Let y = -86 - -80. Let q(n) = -9*n - 39. Suppose 29 = d + 1. Calculate the remainder when d is divided by q(y).
13
Let h = -66 - -19. Let g = -6 - h. What is the remainder when 161 is divided by g?
38
Let x(a) = -a + 4. Let n be x(3). Suppose -20 = -5*d - 5*i, -i = -2*d + 1 + n. Suppose 1 = d*h - 3. What is the remainder when h is divided by 2?
0
Suppose -2*s + 28 = -4*s. Let n be 10/(-35) - 676/s. Suppose -y = -4*y + n. Calculate the remainder when 78 is divided by y.
14
Suppose 6 = 3*t, -d - 3*t = -7 - 0. Let w be 1/1*-1 - -3. Suppose -w*p = -75 + d. What is the remainder when p is divided by 10?
7
Suppose -3*m - 57 = -3*y, -y = -2*m + 2 - 24. Suppose -2*a = -y - 0. What is the remainder when a is divided by 1/(0 - (-1)/3)?
2
Let k be (0 - -4) + (6 - 4). Let p = -3 + k. Suppose w = h - w - 1, -4*h + p*w + 14 = 0. Calculate the remainder when h is divided by 3.
2
Suppose t - 842 = -2*w - 63, w - 2332 = -3*t. Calculate the remainder when t is divided by 2.
1
Let s(r) = -13*r + 21. Let n(g) = 1. Let h(k) = 4*n(k) + s(k). Suppose 5*c + 36 = 2*v, 3*v - 2*c - 24 = 41. What is the remainder when h(-5) is divided by v?
21
Let y = 10 - 6. Suppose 0 = c + c - 3*l - 65, l = -4*c + 109. Let t = 30 - c. What is the remainder when y is divided by t?
0
Let m(q) = 7*q**3 - 2*q**2 + 1. Let t be m(1). Suppose 5*r + 4*y = 962, -6 = -4*y + t. What is the remainder when r is divided by 49?
43
Let l = -994 + 2332. What is the remainder when l is divided by 5?
3
Let l(m) = -m**2 - 16*m - 14. Let b = 17 - 29. What is the remainder when l(b) is divided by 9?
7
Let o = -74 - -61. Let h(r) = -r**2 - 15*r - 23. What is the remainder when h(o) is divided by 2?
1
Suppose 0 = -41*k + 256 + 31. Let j be 8/12 + 4/3. Suppose j*u - u = 4*r - 16, -2*r + 5*u - 10 = 0. Calculate the remainder when k is divided by r.
2
Suppose -15 = -d - 3. Let j be (d - 15)/(-1 - -2). Calculate the remainder when (0 + j/(-6))*58 is divided by 8.
5
Suppose 8*p - 4*p = -s + 54, 0 = -4*s + p + 131. Calculate the remainder when 106 is divided by s.
4
Suppose 0 = f - 5*p - 96, -4*f + 273 = 2*p - 221. Calculate the remainder when f is divided by 25.
21
Let g = 191 - 133. Suppose -d - 21 + 5 = -h, -4*d = -3*h + 48. Suppose 3*n - 14 = h. What is the remainder when g is divided by n?
8
Suppose -2*q - a = -q - 22, -3*a + 43 = 2*q. Let l = 6912 + -6901. What is the remainder when q is divided by l?
1
Suppose o - 4*c = 36, 0 = 31*o - 30*o + 4*c - 60. What is the remainder when 1100 is divided by o?
44
Suppose 3*v - 3 - 4 = 4*x, -x - v + 7 = 0. Let m be -3*4/(-6) + x. Suppose -p = 3*t - 98, p + 2*p = m*t - 122. What is the remainder when t is divided by 17?
15
Let r(m) = 2*m**2 + 14*m + 12. Let v be r(-6). Suppose -c + v*c - 7 = 2*l, 5 = -3*c - 2*l. Let n = 3 + -2. Calculate the remainder when c is divided by n.
0
Calculate the remainder when 110 is divided by (-111)/3*-1 - (2 + -2).
36
Suppose 0 = -2*m + 6*m - 212. Suppose -5*l - 6*s + 125 = -s, 0 = -3*l - 4*s + 73. What is the remainder when m is divided by l?
26
Let w(k) = k**3 + 10*k**2 + 22*k + 4. What is the remainder when 188 is divided by w(-5)?
17
What is the remainder when 355 is divided by ((-938)/28 - -11)*16/(-6)?
55
Suppose -41*h = -42*h + 20. Let x(m) = -6*m + 6. What is the remainder when x(-5) is divided by h?
16
Let h(k) = 19*k**2 + k. Let s = 8 + 8. Let t = s + -17. Calculate the remainder when h(t) is divided by 7.
4
Suppose -2*n = -n - 256. What is the remainder when n is divided by 67?
55
Let s = 1 - -6. Let b = -8 + s. Calculate the remainder when 95 is divided by -2 + 17 - (-1)/b.
11
Let s = 46 - 43. Calculate the remainder when (-274)/(-10) + 2/(-5) is divided by (-30)/(-18)*s - -3.
3
Let f be (280/6)/1*6. Suppose 4*i + 0*m - f = m, 2*i - 158 = 5*m. Calculate the remainder when i is divided by 18.
15
Let j = -645 + 759. What is the remainder when 451 is divided by j?
109
Let o(f) = -f**2 - 20*f - 53. What is the remainder when 106 is divided by o(-15)?
18
Suppose -282 = -3*c - 4*i, -5*c - 5*i + 0*i + 475 = 0. Calculate the remainder when c is divided by 30.
8
Let l = -422 + 442. What is the remainder when ((-3)/6 - 1)*-26 is divided by l?
19
Suppose 2*p - 206 = 3*y, -9 = 3*y + 3. Suppose -100 = -4*b - 0*b. What is the remainder when p is divided by b?
22
Suppose 0 = 4*z - 2*y - 138 - 54, -4*z - y = -192. Calculate the remainder when 141 is divided by z.
45
Let c be ((2/(-4))/(4/16))/2. Let s(g) = g**3 + 5*g**2 + 3. Let b be s(-5). What is the remainder when 65 is divided by c/(1/((-51)/b))?
14
What is the remainder when 42 is divided by 21 + (-1 - (-12)/4 - 1)?
20
Suppose 4*p + 5*h - 26 - 110 = 0, -3*p + 4*h = -102. Calculate the remainder when 143 is divided by p.
